{"id":8,"date":"2018-01-18T14:43:23","date_gmt":"2018-01-18T14:43:23","guid":{"rendered":"http:\/\/www.kasolomouc.cz\/?page_id=8"},"modified":"2024-05-30T08:14:33","modified_gmt":"2024-05-30T08:14:33","slug":"o-nas","status":"publish","type":"page","link":"https:\/\/www.kasolomouc.cz\/index.php\/o-nas\/","title":{"rendered":"O n\u00e1s"},"content":{"rendered":"<p style=\"text-align: justify;\">Krajsk\u00fd atletick\u00fd svaz Olomouc je dobrovoln\u00e9 sdru\u017een\u00ed pr\u00e1vn\u011b, majetkov\u011b a organiza\u010dn\u011b samostatn\u011b nez\u00e1visl\u00fdch atletick\u00fdch klub\u016f a odd\u00edl\u016f v Olomouck\u00e9m kraji. Jejich z\u00e1kladn\u00edm p\u0159edm\u011btem \u010dinnosti je provozov\u00e1n\u00ed sportu jak pro vlastn\u00ed \u010dleny, tak i pro organizovanou a neorganizovanou ve\u0159ejnost.<\/p>\n<p>&nbsp;<\/p>\n<h4><strong><u>Programov\u00e9 zam\u011b\u0159en\u00ed \u010dinnosti KASO<\/u><\/strong><\/h4>\n<p>Program rozvoje atletiky v Olomouck\u00e9m kraji m\u016f\u017eeme roz\u010dlenit do t\u011bchto oblast\u00ed.<\/p>\n<p>&nbsp;<\/p>\n<p><strong style=\"color: inherit; font-family: inherit; font-size: 18px;\">1. Atletick\u00e9 odd\u00edly a kluby<\/strong><\/p>\n<p style=\"text-align: justify;\">Krajsk\u00fd atletick\u00fd svaz sdru\u017euje 12 odd\u00edl\u016f a klub\u016f. Z\u00e1m\u011brem KASO je zv\u00fd\u0161it po\u010det registrovan\u00fdch odd\u00edl\u016f jednak v oblastech, kde nejsou, ale i v m\u00edstech, kde atletika je ji\u017e zakotvena.<\/p>\n<p>&nbsp;<\/p>\n<p style=\"text-align: justify;\"><strong style=\"color: inherit; font-family: inherit; font-size: 18px;\">2. \u010clensk\u00e1 z\u00e1kladna<\/strong><\/p>\n<p style=\"text-align: justify;\">V souvislosti s p\u0159edpokl\u00e1dan\u00fdm zv\u00fd\u0161en\u00edm po\u010dtu odd\u00edl\u016f bude sm\u011b\u0159ovat \u00fasil\u00ed o zv\u00fd\u0161en\u00ed aktivn\u00ed \u010dlensk\u00e9 z\u00e1kladny a p\u0159edev\u0161\u00edm stabilizace po\u010dtu tren\u00e9r\u016f, rozhod\u010d\u00edch a organiza\u010dn\u00edch pracovn\u00edk\u016f.<\/p>\n<p>&nbsp;<\/p>\n<p style=\"text-align: justify;\"><strong style=\"color: inherit; font-family: inherit; font-size: 18px;\">3. Tren\u00e9\u0159i, rozhod\u010d\u00ed a organiza\u010dn\u00ed pracovn\u00edci<\/strong><\/p>\n<p style=\"text-align: justify;\">Tren\u00e9\u0159i, rozhod\u010d\u00ed a organiza\u010dn\u00ed pracovn\u00edci tvo\u0159\u00ed p\u00e1te\u0159 ka\u017ed\u00e9ho atletick\u00e9ho odd\u00edlu a klubu. Odd\u00edly by m\u011bly vytv\u00e1\u0159et podm\u00ednky pro v\u00fdchovu t\u011bchto pracovn\u00edk\u016f. To znamen\u00e1 p\u0159edev\u0161\u00edm do\u0161kolovat st\u00e1vaj\u00edc\u00ed tren\u00e9ry a rozhod\u010d\u00ed a umo\u017e\u0148ovat nov\u00fdm z\u00e1jemc\u016fm o tr\u00e9nov\u00e1n\u00ed a rozhodov\u00e1n\u00ed absolvovat z\u00e1kladn\u00ed \u0161kolen\u00ed.<\/p>\n<p>&nbsp;<\/p>\n<p style=\"text-align: justify;\"><strong style=\"color: inherit; font-family: inherit; font-size: 18px;\">4. Modernizace a v\u00fdstavba sportovn\u00edch are\u00e1l\u016f a modernizace a po\u0159\u00edzen\u00ed vybaven\u00ed<\/strong><\/p>\n<p style=\"text-align: justify;\">Na\u0161im z\u00e1m\u011brem a \u00fasil\u00edm mus\u00ed b\u00fdt napom\u00e1hat \u010dinovn\u00edk\u016fm odd\u00edl\u016f ve snaze o modernizaci atletick\u00fdch are\u00e1l\u016f. Jedn\u00e1 se p\u0159edev\u0161\u00edm o vybudov\u00e1n\u00ed um\u011blohmotn\u00fdch 400 metrov\u00fdch atletick\u00fdch drah. B\u00edl\u00fdmi m\u00edsty v olomouck\u00e9m kraji je p\u0159edev\u0161\u00edm oblast Jesenicka, bohu\u017eel zde nen\u00ed aktivn\u00ed atletick\u00fd odd\u00edl. Velice agiln\u00ed jsou v Prost\u011bjov\u011b, Uni\u010dov\u011b, Litovli. V\u011b\u0159\u00edme, \u017ee v brzk\u00e9 dob\u011b se v t\u011bchto m\u011bstech poda\u0159\u00ed regul\u00e9rn\u00ed dr\u00e1hy vybudovat.<\/p>\n<p style=\"text-align: justify;\">Kompletn\u00ed vybaven\u00ed stadion\u016f je p\u0159edpokladem kvalitn\u00edho tr\u00e9nov\u00e1n\u00ed a po\u0159\u00e1d\u00e1n\u00ed z\u00e1vod\u016f. Z bezpe\u010dnostn\u00edho hlediska by m\u011bly b\u00fdt na v\u0161ech stadi\u00f3nech vybudov\u00e1ny vrha\u010dsk\u00e9 klece. Tradice a z\u00e1jem ml\u00e1de\u017ee o v\u00fd\u0161ku a ty\u010d klade d\u016fraz na po\u0159\u00edzen\u00ed kvalitn\u00edch dosko\u010di\u0161\u0165. B\u011bhy jsou z\u00e1kladem atletiky a pro regul\u00e9rnost to znamen\u00e1 po\u0159\u00edzen\u00ed kvalitn\u00ed \u010dasom\u00edry i v d\u016fsledku sni\u017euj\u00edc\u00edho se po\u010dtu rozhod\u010d\u00edch.<\/p>\n<p>&nbsp;<\/p>\n<h4 style=\"text-align: justify;\"><strong>5. Z\u00e1v\u011bre\u010dn\u00e1 ustanoven\u00ed<\/strong><\/h4>\n<p>Toto programov\u00e9 prohl\u00e1\u0161en\u00ed je z\u00e1kladn\u00ed koncep\u010dn\u00ed a informa\u010dn\u00ed v\u00fdchodisko pro KASO a p\u0159edev\u0161\u00edm pro informaci subjekt\u016f mimo prost\u0159ed\u00ed KASO.<\/p>\n<p>&nbsp;<\/p>\n","protected":false},"excerpt":{"rendered":"<p>Krajsk\u00fd atletick\u00fd svaz Olomouc je dobrovoln\u00e9 sdru\u017een\u00ed pr\u00e1vn\u011b, majetkov\u011b a organiza\u010dn\u011b samostatn\u011b nez\u00e1visl\u00fdch atletick\u00fdch klub\u016f a odd\u00edl\u016f v Olomouck\u00e9m kraji. Jejich z\u00e1kladn\u00edm p\u0159edm\u011btem \u010dinnosti je provozov\u00e1n\u00ed sportu jak pro vlastn\u00ed \u010dleny, tak i pro organizovanou a neorganizovanou ve\u0159ejnost. &nbsp; Programov\u00e9 zam\u011b\u0159en\u00ed \u010dinnosti KASO Program rozvoje atletiky v Olomouck\u00e9m kraji m\u016f\u017eeme roz\u010dlenit do t\u011bchto oblast\u00ed. &nbsp; <a href=\"https:\/\/www.kasolomouc.cz\/index.php\/o-nas\/\" class=\"more-link\">[&hellip;]<\/a><\/p>\n","protected":false},"author":1,"featured_media":0,"parent":0,"menu_order":0,"comment_status":"closed","ping_status":"closed","template":"","meta":{"footnotes":""},"class_list":["entry","author-kasolomouc","post-8","page","type-page","status-publish"],"_links":{"self":[{"href":"https:\/\/www.kasolomouc.cz\/index.php\/wp-json\/wp\/v2\/pages\/8","targetHints":{"allow":["GET"]}}],"collection":[{"href":"https:\/\/www.kasolomouc.cz\/index.php\/wp-json\/wp\/v2\/pages"}],"about":[{"href":"https:\/\/www.kasolomouc.cz\/index.php\/wp-json\/wp\/v2\/types\/page"}],"author":[{"embeddable":true,"href":"https:\/\/www.kasolomouc.cz\/index.php\/wp-json\/wp\/v2\/users\/1"}],"replies":[{"embeddable":true,"href":"https:\/\/www.kasolomouc.cz\/index.php\/wp-json\/wp\/v2\/comments?post=8"}],"version-history":[{"count":13,"href":"https:\/\/www.kasolomouc.cz\/index.php\/wp-json\/wp\/v2\/pages\/8\/revisions"}],"predecessor-version":[{"id":2200,"href":"https:\/\/www.kasolomouc.cz\/index.php\/wp-json\/wp\/v2\/pages\/8\/revisions\/2200"}],"wp:attachment":[{"href":"https:\/\/www.kasolomouc.cz\/index.php\/wp-json\/wp\/v2\/media?parent=8"}],"curies":[{"name":"wp","href":"https:\/\/api.w.org\/{rel}","templated":true}]}}

O nás

<p style="text-align: justify;">Krajský atletický svaz Olomouc je dobrovolné sdružení právně, majetkově a organizačně samostatně nezávislých atletických klubů a oddílů v Olomouckém kraji. Jejich základním předmětem činnosti je provozování sportu jak pro vlastní členy, tak i pro organizovanou a neorganizovanou veřejnost.</p>
<p>&nbsp;</p>
<h4><strong><u>Programové zaměření činnosti KASO</u></strong></h4>
<p>Program rozvoje atletiky v Olomouckém kraji můžeme rozčlenit do těchto oblastí.</p>
<p>&nbsp;</p>
<p><strong style="color: inherit; font-family: inherit; font-size: 18px;">1. Atletické oddíly a kluby</strong></p>
<p style="text-align: justify;">Krajský atletický svaz sdružuje 12 oddílů a klubů. Záměrem KASO je zvýšit počet registrovaných oddílů jednak v oblastech, kde nejsou, ale i v místech, kde atletika je již zakotvena.</p>
<p>&nbsp;</p>
<p style="text-align: justify;"><strong style="color: inherit; font-family: inherit; font-size: 18px;">2. Členská základna</strong></p>
<p style="text-align: justify;">V souvislosti s předpokládaným zvýšením počtu oddílů bude směřovat úsilí o zvýšení aktivní členské základny a především stabilizace počtu trenérů, rozhodčích a organizačních pracovníků.</p>
<p>&nbsp;</p>
<p style="text-align: justify;"><strong style="color: inherit; font-family: inherit; font-size: 18px;">3. Trenéři, rozhodčí a organizační pracovníci</strong></p>
<p style="text-align: justify;">Trenéři, rozhodčí a organizační pracovníci tvoří páteř každého atletického oddílu a klubu. Oddíly by měly vytvářet podmínky pro výchovu těchto pracovníků. To znamená především doškolovat stávající trenéry a rozhodčí a umožňovat novým zájemcům o trénování a rozhodování absolvovat základní školení.</p>
<p>&nbsp;</p>
<p style="text-align: justify;"><strong style="color: inherit; font-family: inherit; font-size: 18px;">4. Modernizace a výstavba sportovních areálů a modernizace a pořízení vybavení</strong></p>
<p style="text-align: justify;">Našim záměrem a úsilím musí být napomáhat činovníkům oddílů ve snaze o modernizaci atletických areálů. Jedná se především o vybudování umělohmotných 400 metrových atletických drah. Bílými místy v olomouckém kraji je především oblast Jesenicka, bohužel zde není aktivní atletický oddíl. Velice agilní jsou v Prostějově, Uničově, Litovli. Věříme, že v brzké době se v těchto městech podaří regulérní dráhy vybudovat.</p>
<p style="text-align: justify;">Kompletní vybavení stadionů je předpokladem kvalitního trénování a pořádání závodů. Z bezpečnostního hlediska by měly být na všech stadiónech vybudovány vrhačské klece. Tradice a zájem mládeže o výšku a tyč klade důraz na pořízení kvalitních doskočišť. Běhy jsou základem atletiky a pro regulérnost to znamená pořízení kvalitní časomíry i v důsledku snižujícího se počtu rozhodčích.</p>
<p>&nbsp;</p>
<h4 style="text-align: justify;"><strong>5. Závěrečná ustanovení</strong></h4>
<p>Toto programové prohlášení je základní koncepční a informační východisko pro KASO a především pro informaci subjektů mimo prostředí KASO.</p>
<p>&nbsp;</p>

<p>Krajský atletický svaz Olomouc je dobrovolné sdružení právně, majetkově a organizačně samostatně nezávislých atletických klubů a oddílů v Olomouckém kraji. Jejich základním předmětem činnosti je provozování sportu jak pro vlastní členy, tak i pro organizovanou a neorganizovanou veřejnost. &nbsp; Programové zaměření činnosti KASO Program rozvoje atletiky v Olomouckém kraji můžeme rozčlenit do těchto oblastí. &nbsp; <a href="https://www.kasolomouc.cz/index.php/o-nas/" class="more-link">[&hellip;]</a></p>
