{"id":157,"date":"2018-01-31T13:01:46","date_gmt":"2018-01-31T13:01:46","guid":{"rendered":"http:\/\/www.kasolomouc.cz\/?page_id=157"},"modified":"2026-04-10T07:21:45","modified_gmt":"2026-04-10T07:21:45","slug":"stafetovy-pohar","status":"publish","type":"page","link":"https:\/\/www.kasolomouc.cz\/index.php\/skolni-souteze\/stafetovy-pohar\/","title":{"rendered":"\u0160tafetov\u00fd poh\u00e1r"},"content":{"rendered":"\n<h3 class=\"wp-block-heading\"><strong>\u0160tafetov\u00fd poh\u00e1r 2026<\/strong><br> <strong>13. ro\u010dn\u00edk atletick\u00e9 sout\u011b\u017ee \u0161koln\u00edch dru\u017estev \u017e\u00e1k\u016f 1. stupn\u011b<\/strong><\/h3>\n\n\n\n<h3 class=\"wp-block-heading\">TERM\u00cdNY A M\u00cdSTA KON\u00c1N\u00cd V OLOMOUCK\u00c9M KRAJI:<\/h3>\n\n\n\n<ul class=\"wp-block-list\">\n<li>Okresn\u00ed kola:\n<ul class=\"wp-block-list\">\n<li><strong>Jesen\u00edk<\/strong>\n<ul class=\"wp-block-list\">\n<li>6. 5. 2026 &#8211; <a href=\"https:\/\/www.stafetovypohar.cz\/startovni-listina\/district\/2026\/olomoucky\">propozice<\/a>, v\u00fdsledky<\/li>\n<\/ul>\n<\/li>\n\n\n\n<li><strong>Prost\u011bjov<\/strong>\n<ul class=\"wp-block-list\">\n<li>30. 4. 2026 &#8211; <a href=\"https:\/\/www.stafetovypohar.cz\/startovni-listina\/district\/2026\/olomoucky\">propozice<\/a>, v\u00fdsledky<\/li>\n<\/ul>\n<\/li>\n\n\n\n<li><strong>Olomouc<\/strong>\n<ul class=\"wp-block-list\">\n<li>6. 5. 2026 &#8211; <a href=\"https:\/\/www.stafetovypohar.cz\/startovni-listina\/district\/2026\/olomoucky\">propozice<\/a>, v\u00fdsledky<\/li>\n<\/ul>\n<\/li>\n\n\n\n<li><strong>\u0160umperk<\/strong>\n<ul class=\"wp-block-list\">\n<li>5. 5. 2026 &#8211; <a href=\"https:\/\/www.stafetovypohar.cz\/startovni-listina\/district\/2026\/olomoucky\">propozice<\/a>, v\u00fdsledky<\/li>\n<\/ul>\n<\/li>\n\n\n\n<li><strong>Hranice (okres P\u0159erov)<\/strong>\n<ul class=\"wp-block-list\">\n<li>30. 4. 2026 &#8211; <a href=\"https:\/\/www.stafetovypohar.cz\/startovni-listina\/district\/2026\/olomoucky\">propozice<\/a>, v\u00fdsledky<\/li>\n<\/ul>\n<\/li>\n<\/ul>\n<\/li>\n<\/ul>\n\n\n\n<p><strong>Postupuj\u00edc\u00ed \u0161koly na krajsk\u00e9 fin\u00e1le<\/strong><\/p>\n\n\n\n<ul class=\"wp-block-list\">\n<li>Krajsk\u00e9 fin\u00e1le:\n<ul class=\"wp-block-list\">\n<li><b>\u0160umperk<\/b>\n<ul class=\"wp-block-list\">\n<li>12. 5. 2026 &#8211; propozice, v\u00fdsledky<\/li>\n<\/ul>\n<\/li>\n<\/ul>\n<\/li>\n\n\n\n<li>Republikov\u00e9 fin\u00e1le:\n<ul class=\"wp-block-list\">\n<li><strong>Praha &#8211; Radot\u00edn<\/strong>\n<ul class=\"wp-block-list\">\n<li>21. 5. 2026 &#8211; propozice, v\u00fdsledky<\/li>\n<\/ul>\n<\/li>\n<\/ul>\n<\/li>\n<\/ul>\n\n\n\n<h3 class=\"wp-block-heading\">P\u0158IHL\u00c1\u0160KY:<\/h3>\n\n\n\n<p class=\"has-text-align-left\">Pod\u00e1vaj\u00ed z\u00e1kladn\u00ed \u0161koly elektronicky prost\u0159ednictv\u00edm webu&nbsp;<a href=\"http:\/\/www.stafetovypohar.cz\/prihlaska\">www.stafetovypohar.cz\/prihlaska<\/a>.&nbsp;<strong>P\u0159ihl\u00e1\u0161ku potvrzenou \u0159editelstv\u00edm \u0161koly je nutn\u00e9 odevzdat v p\u00edsemn\u00e9 podob\u011b p\u0159i prezentaci.<\/strong><\/p>\n\n\n\n<h3 class=\"wp-block-heading\">VE\u0160KER\u00c9 DAL\u0160\u00cd INFORMACE NALEZNETE NA&nbsp;<a href=\"http:\/\/www.stafetovypohar.cz\">WWW.STAFETOVYPOHAR.CZ<\/a><\/h3>\n","protected":false},"excerpt":{"rendered":"<p>\u0160tafetov\u00fd poh\u00e1r 2026 13. ro\u010dn\u00edk atletick\u00e9 sout\u011b\u017ee \u0161koln\u00edch dru\u017estev \u017e\u00e1k\u016f 1. stupn\u011b TERM\u00cdNY A M\u00cdSTA KON\u00c1N\u00cd V OLOMOUCK\u00c9M KRAJI: Postupuj\u00edc\u00ed \u0161koly na krajsk\u00e9 fin\u00e1le P\u0158IHL\u00c1\u0160KY: Pod\u00e1vaj\u00ed z\u00e1kladn\u00ed \u0161koly elektronicky prost\u0159ednictv\u00edm webu&nbsp;www.stafetovypohar.cz\/prihlaska.&nbsp;P\u0159ihl\u00e1\u0161ku potvrzenou \u0159editelstv\u00edm \u0161koly je nutn\u00e9 odevzdat v p\u00edsemn\u00e9 podob\u011b p\u0159i prezentaci. VE\u0160KER\u00c9 DAL\u0160\u00cd INFORMACE NALEZNETE NA&nbsp;WWW.STAFETOVYPOHAR.CZ<\/p>\n","protected":false},"author":3,"featured_media":0,"parent":127,"menu_order":0,"comment_status":"closed","ping_status":"closed","template":"","meta":{"footnotes":""},"class_list":["entry","author-robert","post-157","page","type-page","status-publish"],"_links":{"self":[{"href":"https:\/\/www.kasolomouc.cz\/index.php\/wp-json\/wp\/v2\/pages\/157","targetHints":{"allow":["GET"]}}],"collection":[{"href":"https:\/\/www.kasolomouc.cz\/index.php\/wp-json\/wp\/v2\/pages"}],"about":[{"href":"https:\/\/www.kasolomouc.cz\/index.php\/wp-json\/wp\/v2\/types\/page"}],"author":[{"embeddable":true,"href":"https:\/\/www.kasolomouc.cz\/index.php\/wp-json\/wp\/v2\/users\/3"}],"replies":[{"embeddable":true,"href":"https:\/\/www.kasolomouc.cz\/index.php\/wp-json\/wp\/v2\/comments?post=157"}],"version-history":[{"count":57,"href":"https:\/\/www.kasolomouc.cz\/index.php\/wp-json\/wp\/v2\/pages\/157\/revisions"}],"predecessor-version":[{"id":2996,"href":"https:\/\/www.kasolomouc.cz\/index.php\/wp-json\/wp\/v2\/pages\/157\/revisions\/2996"}],"up":[{"embeddable":true,"href":"https:\/\/www.kasolomouc.cz\/index.php\/wp-json\/wp\/v2\/pages\/127"}],"wp:attachment":[{"href":"https:\/\/www.kasolomouc.cz\/index.php\/wp-json\/wp\/v2\/media?parent=157"}],"curies":[{"name":"wp","href":"https:\/\/api.w.org\/{rel}","templated":true}]}}

Štafetový pohár

<h3 class="wp-block-heading"><strong>Štafetový pohár 2026</strong><br> <strong>13. ročník atletické soutěže školních družstev žáků 1. stupně</strong></h3>



<h3 class="wp-block-heading">TERMÍNY A MÍSTA KONÁNÍ V OLOMOUCKÉM KRAJI:</h3>



<ul class="wp-block-list">
<li>Okresní kola:
<ul class="wp-block-list">
<li><strong>Jeseník</strong>
<ul class="wp-block-list">
<li>6. 5. 2026 &#8211; <a href="https://www.stafetovypohar.cz/startovni-listina/district/2026/olomoucky">propozice</a>, výsledky</li>
</ul>
</li>



<li><strong>Prostějov</strong>
<ul class="wp-block-list">
<li>30. 4. 2026 &#8211; <a href="https://www.stafetovypohar.cz/startovni-listina/district/2026/olomoucky">propozice</a>, výsledky</li>
</ul>
</li>



<li><strong>Olomouc</strong>
<ul class="wp-block-list">
<li>6. 5. 2026 &#8211; <a href="https://www.stafetovypohar.cz/startovni-listina/district/2026/olomoucky">propozice</a>, výsledky</li>
</ul>
</li>



<li><strong>Šumperk</strong>
<ul class="wp-block-list">
<li>5. 5. 2026 &#8211; <a href="https://www.stafetovypohar.cz/startovni-listina/district/2026/olomoucky">propozice</a>, výsledky</li>
</ul>
</li>



<li><strong>Hranice (okres Přerov)</strong>
<ul class="wp-block-list">
<li>30. 4. 2026 &#8211; <a href="https://www.stafetovypohar.cz/startovni-listina/district/2026/olomoucky">propozice</a>, výsledky</li>
</ul>
</li>
</ul>
</li>
</ul>



<p><strong>Postupující školy na krajské finále</strong></p>



<ul class="wp-block-list">
<li>Krajské finále:
<ul class="wp-block-list">
<li><b>Šumperk</b>
<ul class="wp-block-list">
<li>12. 5. 2026 &#8211; propozice, výsledky</li>
</ul>
</li>
</ul>
</li>



<li>Republikové finále:
<ul class="wp-block-list">
<li><strong>Praha &#8211; Radotín</strong>
<ul class="wp-block-list">
<li>21. 5. 2026 &#8211; propozice, výsledky</li>
</ul>
</li>
</ul>
</li>
</ul>



<h3 class="wp-block-heading">PŘIHLÁŠKY:</h3>



<p class="has-text-align-left">Podávají základní školy elektronicky prostřednictvím webu&nbsp;<a href="http://www.stafetovypohar.cz/prihlaska">www.stafetovypohar.cz/prihlaska</a>.&nbsp;<strong>Přihlášku potvrzenou ředitelstvím školy je nutné odevzdat v písemné podobě při prezentaci.</strong></p>



<h3 class="wp-block-heading">VEŠKERÉ DALŠÍ INFORMACE NALEZNETE NA&nbsp;<a href="http://www.stafetovypohar.cz">WWW.STAFETOVYPOHAR.CZ</a></h3>

<p>Štafetový pohár 2026 13. ročník atletické soutěže školních družstev žáků 1. stupně TERMÍNY A MÍSTA KONÁNÍ V OLOMOUCKÉM KRAJI: Postupující školy na krajské finále PŘIHLÁŠKY: Podávají základní školy elektronicky prostřednictvím webu&nbsp;www.stafetovypohar.cz/prihlaska.&nbsp;Přihlášku potvrzenou ředitelstvím školy je nutné odevzdat v písemné podobě při prezentaci. VEŠKERÉ DALŠÍ INFORMACE NALEZNETE NA&nbsp;WWW.STAFETOVYPOHAR.CZ</p>
